[INFO] fetching crate ekvsb 0.0.13...
[INFO] checking ekvsb-0.0.13 against master#af3c6e733a40e671550e0f0f5aeecaa13772ba56 for pr-74989
[INFO] extracting crate ekvsb 0.0.13 into /workspace/builds/worker-13/source
[INFO] validating manifest of crates.io crate ekvsb 0.0.13 on toolchain af3c6e733a40e671550e0f0f5aeecaa13772ba56
[INFO] running `Command { std: "/workspace/cargo-home/bin/cargo" "+af3c6e733a40e671550e0f0f5aeecaa13772ba56" "read-manifest" "--manifest-path" "Cargo.toml", kill_on_drop: false }`
[INFO] started tweaking crates.io crate ekvsb 0.0.13
[INFO] finished tweaking crates.io crate ekvsb 0.0.13
[INFO] tweaked toml for crates.io crate ekvsb 0.0.13 written to /workspace/builds/worker-13/source/Cargo.toml
[INFO] running `Command { std: "/workspace/cargo-home/bin/cargo" "+af3c6e733a40e671550e0f0f5aeecaa13772ba56" "generate-lockfile" "--manifest-path" "Cargo.toml" "-Zno-index-update", kill_on_drop: false }`
[INFO] [stderr]     Blocking waiting for file lock on package cache
[INFO] running `Command { std: "/workspace/cargo-home/bin/cargo" "+af3c6e733a40e671550e0f0f5aeecaa13772ba56" "fetch" "--locked" "--manifest-path" "Cargo.toml", kill_on_drop: false }`
[INFO] [stderr]     Blocking waiting for file lock on package cache
[INFO] running `Command { std: "docker" "create" "-v" "/var/lib/crater-agent-workspace/builds/worker-13/target:/opt/rustwide/target:rw,Z" "-v" "/var/lib/crater-agent-workspace/builds/worker-13/source:/opt/rustwide/workdir:ro,Z" "-v" "/var/lib/crater-agent-workspace/cargo-home:/opt/rustwide/cargo-home:ro,Z" "-v" "/var/lib/crater-agent-workspace/rustup-home:/opt/rustwide/rustup-home:ro,Z" "-e" "SOURCE_DIR=/opt/rustwide/workdir" "-e" "CARGO_TARGET_DIR=/opt/rustwide/target" "-e" "CARGO_HOME=/opt/rustwide/cargo-home" "-e" "RUSTUP_HOME=/opt/rustwide/rustup-home" "-w" "/opt/rustwide/workdir" "-m" "1610612736" "--user" "0:0" "--network" "none" "rustops/crates-build-env@sha256:d92eaeed33fa75130ca1ee6c8a01d1ffb62bac859dfdfb3450e3e5d1c0146529" "/opt/rustwide/cargo-home/bin/cargo" "+af3c6e733a40e671550e0f0f5aeecaa13772ba56" "metadata" "--no-deps" "--format-version=1", kill_on_drop: false }`
[INFO] [stdout] a1ae373d4a2e56573b11d59c5675b06ea827c32486f6f97a66a2efef9aff00d2
[INFO] [stderr] WARNING: Your kernel does not support swap limit capabilities or the cgroup is not mounted. Memory limited without swap.
[INFO] running `Command { std: "docker" "start" "-a" "a1ae373d4a2e56573b11d59c5675b06ea827c32486f6f97a66a2efef9aff00d2", kill_on_drop: false }`
[INFO] running `Command { std: "docker" "inspect" "a1ae373d4a2e56573b11d59c5675b06ea827c32486f6f97a66a2efef9aff00d2", kill_on_drop: false }`
[INFO] running `Command { std: "docker" "rm" "-f" "a1ae373d4a2e56573b11d59c5675b06ea827c32486f6f97a66a2efef9aff00d2", kill_on_drop: false }`
[INFO] [stdout] a1ae373d4a2e56573b11d59c5675b06ea827c32486f6f97a66a2efef9aff00d2
[INFO] running `Command { std: "docker" "create" "-v" "/var/lib/crater-agent-workspace/builds/worker-13/target:/opt/rustwide/target:rw,Z" "-v" "/var/lib/crater-agent-workspace/builds/worker-13/source:/opt/rustwide/workdir:ro,Z" "-v" "/var/lib/crater-agent-workspace/cargo-home:/opt/rustwide/cargo-home:ro,Z" "-v" "/var/lib/crater-agent-workspace/rustup-home:/opt/rustwide/rustup-home:ro,Z" "-e" "SOURCE_DIR=/opt/rustwide/workdir" "-e" "CARGO_TARGET_DIR=/opt/rustwide/target" "-e" "CARGO_INCREMENTAL=0" "-e" "RUST_BACKTRACE=full" "-e" "RUSTFLAGS=--cap-lints=forbid" "-e" "CARGO_HOME=/opt/rustwide/cargo-home" "-e" "RUSTUP_HOME=/opt/rustwide/rustup-home" "-w" "/opt/rustwide/workdir" "-m" "1610612736" "--user" "0:0" "--network" "none" "rustops/crates-build-env@sha256:d92eaeed33fa75130ca1ee6c8a01d1ffb62bac859dfdfb3450e3e5d1c0146529" "/opt/rustwide/cargo-home/bin/cargo" "+af3c6e733a40e671550e0f0f5aeecaa13772ba56" "check" "--frozen" "--all" "--all-targets" "--message-format=json", kill_on_drop: false }`
[INFO] [stdout] 331ea8bcf15927f1a82ebafd38b12c8d8ffe5db661718daf9c66fe0b8e5b6a59
[INFO] [stderr] WARNING: Your kernel does not support swap limit capabilities or the cgroup is not mounted. Memory limited without swap.
[INFO] running `Command { std: "docker" "start" "-a" "331ea8bcf15927f1a82ebafd38b12c8d8ffe5db661718daf9c66fe0b8e5b6a59", kill_on_drop: false }`
[INFO] [stderr]    Compiling libc v0.2.77
[INFO] [stderr]    Compiling proc-macro2 v1.0.21
[INFO] [stderr]    Compiling unicode-xid v0.2.1
[INFO] [stderr]     Checking cfg-if v0.1.10
[INFO] [stderr]    Compiling memchr v2.3.3
[INFO] [stderr]     Checking lazy_static v1.4.0
[INFO] [stderr]    Compiling syn v1.0.40
[INFO] [stderr]    Compiling log v0.4.11
[INFO] [stderr]    Compiling serde_derive v1.0.116
[INFO] [stderr]    Compiling bitflags v1.2.1
[INFO] [stderr]    Compiling serde v1.0.116
[INFO] [stderr]     Checking rand_core v0.4.2
[INFO] [stderr]    Compiling autocfg v0.1.7
[INFO] [stderr]     Checking scopeguard v1.1.0
[INFO] [stderr]    Compiling byteorder v1.3.4
[INFO] [stderr]    Compiling version_check v0.9.2
[INFO] [stderr]    Compiling maybe-uninit v2.0.0
[INFO] [stderr]    Compiling rayon-core v1.8.0
[INFO] [stderr]    Compiling arrayvec v0.4.12
[INFO] [stderr]     Checking unicode-width v0.1.8
[INFO] [stderr]     Checking nodrop v0.1.14
[INFO] [stderr]    Compiling syn v0.15.44
[INFO] [stderr]     Checking regex-syntax v0.6.18
[INFO] [stderr]     Checking either v1.6.0
[INFO] [stderr]    Compiling ryu v1.0.5
[INFO] [stderr]     Checking smallvec v1.4.2
[INFO] [stderr]     Checking nom v2.2.1
[INFO] [stderr]     Checking nbchan v0.1.3
[INFO] [stderr]     Checking atomic_immut v0.1.4
[INFO] [stderr]     Checking historian v4.0.3
[INFO] [stderr]     Checking splay_tree v0.2.10
[INFO] [stderr]    Compiling serde_json v1.0.57
[INFO] [stderr]     Checking itoa v0.4.6
[INFO] [stderr]     Checking adler32 v1.2.0
[INFO] [stderr]     Checking siphasher v0.3.3
[INFO] [stderr]    Compiling crossbeam-utils v0.7.2
[INFO] [stderr]    Compiling memoffset v0.5.5
[INFO] [stderr]    Compiling crossbeam-epoch v0.8.2
[INFO] [stderr]    Compiling rayon v1.4.0
[INFO] [stderr]     Checking thread_local v1.0.1
[INFO] [stderr]     Checking crossbeam-utils v0.6.6
[INFO] [stderr]     Checking lock_api v0.4.1
[INFO] [stderr]     Checking rand_core v0.3.1
[INFO] [stderr]     Checking rand_jitter v0.1.4
[INFO] [stderr]     Checking textwrap v0.11.0
[INFO] [stderr]    Compiling nom v5.1.2
[INFO] [stderr]    Compiling rand_pcg v0.1.2
[INFO] [stderr]    Compiling rand_chacha v0.1.1
[INFO] [stderr]    Compiling rand v0.6.5
[INFO] [stderr]     Checking rand_hc v0.1.0
[INFO] [stderr]     Checking rand_isaac v0.1.1
[INFO] [stderr]     Checking rand_xorshift v0.1.1
[INFO] [stderr]     Checking crc32fast v1.2.0
[INFO] [stderr]    Compiling bindgen v0.54.0
[INFO] [stderr]    Compiling procinfo v0.4.2
[INFO] [stderr]    Compiling quote v0.6.13
[INFO] [stderr]     Checking number_prefix v0.2.8
[INFO] [stderr]     Checking fxhash v0.2.1
[INFO] [stderr]     Checking gnuplot v0.0.37
[INFO] [stderr]     Checking aho-corasick v0.7.13
[INFO] [stderr]    Compiling quote v1.0.7
[INFO] [stderr]     Checking crossbeam-epoch v0.7.2
[INFO] [stderr]    Compiling jobserver v0.1.21
[INFO] [stderr]    Compiling atty v0.2.14
[INFO] [stderr]    Compiling which v3.1.1
[INFO] [stderr]     Checking crossbeam-channel v0.4.4
[INFO] [stderr]     Checking num_cpus v1.13.0
[INFO] [stderr]     Checking rand_os v0.1.3
[INFO] [stderr]     Checking iovec v0.1.4
[INFO] [stderr]     Checking net2 v0.2.35
[INFO] [stderr]     Checking termios v0.3.2
[INFO] [stderr]     Checking parking_lot_core v0.8.0
[INFO] [stderr]     Checking fs2 v0.4.3
[INFO] [stderr]     Checking terminal_size v0.1.13
[INFO] [stderr]    Compiling clap v2.33.3
[INFO] [stderr]    Compiling cc v1.0.59
[INFO] [stderr]     Checking crossbeam-deque v0.7.3
[INFO] [stderr]     Checking parking_lot v0.11.0
[INFO] [stderr]     Checking mio v0.6.22
[INFO] [stderr]    Compiling regex v1.3.9
[INFO] [stderr]     Checking uuid v0.7.4
[INFO] [stderr]     Checking fibers v0.1.13
[INFO] [stderr]    Compiling libloading v0.5.2
[INFO] [stderr]    Compiling clang-sys v0.29.3
[INFO] [stderr]    Compiling env_logger v0.7.1
[INFO] [stderr]    Compiling cexpr v0.4.0
[INFO] [stderr]    Compiling structopt-derive v0.2.18
[INFO] [stderr]     Checking console v0.12.0
[INFO] [stderr]     Checking byte-unit v1.1.0
[INFO] [stderr]     Checking indicatif v0.11.0
[INFO] [stderr]    Compiling trackable_derive v0.1.3
[INFO] [stderr]     Checking structopt v0.2.18
[INFO] [stderr]    Compiling librocksdb-sys v6.11.4
[INFO] [stderr]     Checking bincode v1.3.1
[INFO] [stderr]     Checking trackable v0.2.23
[INFO] [stderr]     Checking hashbrown v0.2.2
[INFO] [stderr]     Checking serde_bytes v0.11.5
[INFO] [stderr]     Checking prometrics v0.1.13
[INFO] [stderr]     Checking pagecache v0.16.2
[INFO] [stderr]     Checking cannyls v0.9.4
[INFO] [stderr] error: could not compile `pagecache`.
[INFO] [stderr] 
[INFO] [stderr] Caused by:
[INFO] [stderr]   process didn't exit successfully: `rustc --crate-name pagecache --edition=2018 /opt/rustwide/cargo-home/registry/src/github.com-1ecc6299db9ec823/pagecache-0.16.2/src/lib.rs --error-format=json --json=diagnostic-rendered-ansi --crate-type lib --emit=dep-info,metadata -C embed-bitcode=no -C debuginfo=2 --cfg 'feature="default"' -C metadata=06e537cac66ea6cd -C extra-filename=-06e537cac66ea6cd --out-dir /opt/rustwide/target/debug/deps -L dependency=/opt/rustwide/target/debug/deps --extern bincode=/opt/rustwide/target/debug/deps/libbincode-b0d0aa258c27c130.rmeta --extern crc32fast=/opt/rustwide/target/debug/deps/libcrc32fast-827a841d4d583591.rmeta --extern crossbeam_epoch=/opt/rustwide/target/debug/deps/libcrossbeam_epoch-84aad6c4d63d6947.rmeta --extern crossbeam_utils=/opt/rustwide/target/debug/deps/libcrossbeam_utils-476965f2fee5e47a.rmeta --extern fs2=/opt/rustwide/target/debug/deps/libfs2-78daa5573047f3a4.rmeta --extern futures=/opt/rustwide/target/debug/deps/libfutures-321db9b70f1317f8.rmeta --extern fxhash=/opt/rustwide/target/debug/deps/libfxhash-3474a192fc3ee3db.rmeta --extern hashbrown=/opt/rustwide/target/debug/deps/libhashbrown-c1002c0244884224.rmeta --extern historian=/opt/rustwide/target/debug/deps/libhistorian-734e83983b437298.rmeta --extern lazy_static=/opt/rustwide/target/debug/deps/liblazy_static-d07addd12a8987b7.rmeta --extern libc=/opt/rustwide/target/debug/deps/liblibc-7d5aa9736bb9a61e.rmeta --extern log=/opt/rustwide/target/debug/deps/liblog-1db056c01870a412.rmeta --extern rayon=/opt/rustwide/target/debug/deps/librayon-237275bbc5b0f193.rmeta --extern serde=/opt/rustwide/target/debug/deps/libserde-0b7ad0dae0fc8d13.rmeta --cap-lints allow --cap-lints=forbid` (signal: 9, SIGKILL: kill)
[INFO] [stderr] warning: build failed, waiting for other jobs to finish...
[INFO] [stderr] The following warnings were emitted during compilation:
[INFO] [stderr] 
[INFO] [stderr] warning: c++: fatal error: Killed signal terminated program cc1plus
[INFO] [stderr] warning: compilation terminated.
[INFO] [stderr] warning: c++: fatal error: Killed signal terminated program cc1plus
[INFO] [stderr] warning: compilation terminated.
[INFO] [stderr] warning: c++: fatal error: Killed signal terminated program cc1plus
[INFO] [stderr] warning: compilation terminated.
[INFO] [stderr] warning: c++: fatal error: Killed signal terminated program cc1plus
[INFO] [stderr] warning: compilation terminated.
[INFO] [stderr] warning: c++: fatal error: Killed signal terminated program cc1plus
[INFO] [stderr] warning: compilation terminated.
[INFO] [stderr] warning: c++: fatal error: Killed signal terminated program cc1plus
[INFO] [stderr] warning: compilation terminated.
[INFO] [stderr] warning: c++: fatal error: Killed signal terminated program cc1plus
[INFO] [stderr] warning: compilation terminated.
[INFO] [stderr] warning: c++: fatal error: Killed signal terminated program cc1plus
[INFO] [stderr] warning: compilation terminated.
[INFO] [stderr] warning: c++: fatal error: Killed signal terminated program cc1plus
[INFO] [stderr] warning: compilation terminated.
[INFO] [stderr] warning: c++: fatal error: Killed signal terminated program cc1plus
[INFO] [stderr] warning: compilation terminated.
[INFO] [stderr] warning: c++: fatal error: Killed signal terminated program cc1plus
[INFO] [stderr] warning: compilation terminated.
[INFO] [stderr] 
[INFO] [stderr] error: build failed
[INFO] running `Command { std: "docker" "inspect" "331ea8bcf15927f1a82ebafd38b12c8d8ffe5db661718daf9c66fe0b8e5b6a59", kill_on_drop: false }`
[INFO] running `Command { std: "docker" "rm" "-f" "331ea8bcf15927f1a82ebafd38b12c8d8ffe5db661718daf9c66fe0b8e5b6a59", kill_on_drop: false }`
[INFO] [stdout] 331ea8bcf15927f1a82ebafd38b12c8d8ffe5db661718daf9c66fe0b8e5b6a59
